{"id":1239,"date":"2021-06-09T23:10:39","date_gmt":"2021-06-09T23:10:39","guid":{"rendered":"https:\/\/home-services.cl\/site\/?page_id=1239"},"modified":"2024-01-30T15:39:00","modified_gmt":"2024-01-30T15:39:00","slug":"cerrajero-a-domicilio","status":"publish","type":"page","link":"https:\/\/home-services.cl\/site\/cerrajero-a-domicilio\/","title":{"rendered":"Cerrajer\u00eda"},"content":{"rendered":"[vc_row visibility=\u00bbhidden-nb\u00bb][vc_column][mk_layerslider id=\u00bb1&#8243;][\/vc_column][\/vc_row][vc_row][vc_column][mk_padding_divider size=\u00bb140&#8243;][mk_fancy_title color=\u00bb#0f4c82&#8243; size=\u00bb40&#8243; font_weight=\u00bbbold\u00bb margin_bottom=\u00bb0&#8243; font_family=\u00bbnone\u00bb align=\u00bbcenter\u00bb]Cerrajero 24 horas a domicilio<br \/>\nen Santiago de Chile[\/mk_fancy_title][mk_divider style=\u00bbthin_solid\u00bb divider_width=\u00bbcustom_width\u00bb custom_width=\u00bb110&#8243; thin_single_color=\u00bb#fbdb01&#8243; thickness=\u00bb3&#8243; margin_top=\u00bb10&#8243; margin_bottom=\u00bb60&#8243;][vc_row_inner][vc_column_inner width=\u00bb1\/12&#8243;][\/vc_column_inner][vc_column_inner width=\u00bb10\/12&#8243;][vc_column_text disable_pattern=\u00bbfalse\u00bb align=\u00bbcenter\u00bb css=\u00bb.vc_custom_1579730575165{margin-bottom: 0px !important;}\u00bb]\n<div style=\"font-size: 24px; line-height: 1.30em;\">Cerrajero a domicilio con soluciones inmediatas y seguridad a trav\u00e9s de nuestro excelente servicio, ofrecido por los mejores expertos y t\u00e9cnicos, con productos de la m\u00e1s alta calidad y en el menor tiempo posible. \u00a1Cerrajero de urgencias!<\/div>\n[\/vc_column_text][\/vc_column_inner][vc_column_inner width=\u00bb1\/12&#8243;][\/vc_column_inner][\/vc_row_inner][\/vc_column][\/vc_row][vc_row][vc_column][mk_padding_divider][\/vc_column][\/vc_row][vc_row][vc_column width=\u00bb1\/3&#8243;][mk_custom_box padding_vertical=\u00bb10&#8243; padding_horizental=\u00bb10&#8243; bg_color=\u00bb#0f4c82&#8243; background_hov_color_style=\u00bbimage\u00bb bg_hov_color=\u00bb#fbdb01&#8243; bg_stretch=\u00bbfalse\u00bb][mk_image src=\u00bbhttps:\/\/home-services.cl\/site\/wp-content\/uploads\/2019\/04\/cerrajero-24-horas-a-domicilio-ojo-magico.jpg\u00bb image_size=\u00bbfull\u00bb align=\u00bbcenter\u00bb margin_bottom=\u00bb30&#8243;][mk_fancy_title tag_name=\u00bbh5&#8243; color=\u00bb#ffffff\u00bb size=\u00bb18&#8243; font_weight=\u00bbbold\u00bb txt_transform=\u00bbuppercase\u00bb margin_bottom=\u00bb0&#8243; align=\u00bbcenter\u00bb]INSTALACI\u00d3N OJO M\u00c1GICO[\/mk_fancy_title][vc_column_text align=\u00bbcenter\u00bb css=\u00bb.vc_custom_1554109208717{margin-bottom: 0px !important;}\u00bb][\/vc_column_text][\/mk_custom_box][mk_custom_box padding_vertical=\u00bb10&#8243; padding_horizental=\u00bb10&#8243; bg_color=\u00bb#0f4c82&#8243; background_hov_color_style=\u00bbimage\u00bb bg_hov_color=\u00bb#fbdb01&#8243; bg_stretch=\u00bbfalse\u00bb][mk_image src=\u00bbhttps:\/\/home-services.cl\/site\/wp-content\/uploads\/2019\/12\/cerrajero-24-horas-a-domicilio-scanavini.jpg\u00bb image_size=\u00bbfull\u00bb align=\u00bbcenter\u00bb margin_bottom=\u00bb30&#8243;][mk_fancy_title tag_name=\u00bbh5&#8243; color=\u00bb#ffffff\u00bb size=\u00bb18&#8243; font_weight=\u00bbbold\u00bb txt_transform=\u00bbuppercase\u00bb margin_bottom=\u00bb0&#8243; align=\u00bbcenter\u00bb]CHAPAS DE SOBREPONER[\/mk_fancy_title][vc_column_text align=\u00bbcenter\u00bb css=\u00bb.vc_custom_1576944682691{margin-bottom: 0px !important;}\u00bb]<span style=\"color: #ffffff;\">Manuales y el\u00e9ctricas<\/span>[\/vc_column_text][\/mk_custom_box][mk_custom_box padding_vertical=\u00bb10&#8243; padding_horizental=\u00bb10&#8243; bg_color=\u00bb#0f4c82&#8243; background_hov_color_style=\u00bbimage\u00bb bg_hov_color=\u00bb#fbdb01&#8243; bg_stretch=\u00bbfalse\u00bb][mk_image src=\u00bbhttps:\/\/home-services.cl\/site\/wp-content\/uploads\/2019\/03\/cerrajero-24-horas-a-domicilio4.jpg\u00bb image_size=\u00bbfull\u00bb align=\u00bbcenter\u00bb margin_bottom=\u00bb30&#8243;][mk_fancy_title tag_name=\u00bbh5&#8243; color=\u00bb#ffffff\u00bb size=\u00bb18&#8243; font_weight=\u00bbbold\u00bb txt_transform=\u00bbuppercase\u00bb margin_bottom=\u00bb0&#8243; align=\u00bbcenter\u00bb]REPARACI\u00d3N DE CHAPAS[\/mk_fancy_title][vc_column_text align=\u00bbcenter\u00bb css=\u00bb.vc_custom_1608237883612{margin-bottom: 0px !important;}\u00bb]<span style=\"color: #ffffff;\">y cambio de combinaci\u00f3n (cilindro)<\/span>[\/vc_column_text][\/mk_custom_box][\/vc_column][vc_column width=\u00bb1\/3&#8243;][mk_custom_box padding_vertical=\u00bb10&#8243; padding_horizental=\u00bb10&#8243; bg_color=\u00bb#0f4c82&#8243; background_hov_color_style=\u00bbimage\u00bb bg_hov_color=\u00bb#fbdb01&#8243; bg_stretch=\u00bbfalse\u00bb][mk_image src=\u00bbhttps:\/\/home-services.cl\/site\/wp-content\/uploads\/2019\/04\/cerrajero-24-horas-a-domicilio7.jpg\u00bb image_size=\u00bbfull\u00bb align=\u00bbcenter\u00bb margin_bottom=\u00bb30&#8243;][mk_fancy_title tag_name=\u00bbh5&#8243; color=\u00bb#ffffff\u00bb size=\u00bb18&#8243; font_weight=\u00bbbold\u00bb txt_transform=\u00bbuppercase\u00bb margin_bottom=\u00bb0&#8243; align=\u00bbcenter\u00bb]INSTALACI\u00d3N DE CHAPAS[\/mk_fancy_title][vc_column_text align=\u00bbcenter\u00bb css=\u00bb.vc_custom_1576945567050{margin-bottom: 0px !important;}\u00bb][\/vc_column_text][\/mk_custom_box][mk_custom_box padding_vertical=\u00bb10&#8243; padding_horizental=\u00bb10&#8243; bg_color=\u00bb#0f4c82&#8243; background_hov_color_style=\u00bbimage\u00bb bg_hov_color=\u00bb#fbdb01&#8243; bg_stretch=\u00bbfalse\u00bb][mk_image src=\u00bbhttps:\/\/home-services.cl\/site\/wp-content\/uploads\/2019\/04\/cerrajero-24-horas-a-domicilio-llaves.jpg\u00bb image_size=\u00bbfull\u00bb align=\u00bbcenter\u00bb margin_bottom=\u00bb30&#8243;][mk_fancy_title tag_name=\u00bbh5&#8243; color=\u00bb#ffffff\u00bb size=\u00bb18&#8243; font_weight=\u00bbbold\u00bb txt_transform=\u00bbuppercase\u00bb margin_bottom=\u00bb0&#8243; align=\u00bbcenter\u00bb]INSTALACION 2DA CERRADURA[\/mk_fancy_title][vc_column_text align=\u00bbcenter\u00bb css=\u00bb.vc_custom_1554109262990{margin-bottom: 0px !important;}\u00bb][\/vc_column_text][\/mk_custom_box][\/vc_column][vc_column width=\u00bb1\/3&#8243;][mk_custom_box padding_vertical=\u00bb10&#8243; padding_horizental=\u00bb10&#8243; bg_color=\u00bb#0f4c82&#8243; background_hov_color_style=\u00bbimage\u00bb bg_hov_color=\u00bb#fbdb01&#8243; bg_stretch=\u00bbfalse\u00bb][mk_image src=\u00bbhttps:\/\/home-services.cl\/site\/wp-content\/uploads\/2019\/12\/cerrajero-24-horas-a-domicilio.jpg\u00bb image_size=\u00bbfull\u00bb align=\u00bbcenter\u00bb margin_bottom=\u00bb30&#8243;][mk_fancy_title tag_name=\u00bbh5&#8243; color=\u00bb#ffffff\u00bb size=\u00bb18&#8243; font_weight=\u00bbbold\u00bb txt_transform=\u00bbuppercase\u00bb margin_bottom=\u00bb0&#8243; align=\u00bbcenter\u00bb]CHAPAS DIGITALES[\/mk_fancy_title][vc_column_text align=\u00bbcenter\u00bb css=\u00bb.vc_custom_1576945500827{margin-bottom: 0px !important;}\u00bb]<span style=\"color: #ffffff;\">Instalaci\u00f3n y configuraci\u00f3n<\/span>[\/vc_column_text][\/mk_custom_box][mk_custom_box padding_vertical=\u00bb10&#8243; padding_horizental=\u00bb10&#8243; bg_color=\u00bb#0f4c82&#8243; background_hov_color_style=\u00bbimage\u00bb bg_hov_color=\u00bb#fbdb01&#8243; bg_stretch=\u00bbfalse\u00bb][mk_image src=\u00bbhttps:\/\/home-services.cl\/site\/wp-content\/uploads\/2019\/04\/cerrajero-24-horas-a-domicilio6.jpg\u00bb image_size=\u00bbfull\u00bb align=\u00bbcenter\u00bb margin_bottom=\u00bb30&#8243;][mk_fancy_title tag_name=\u00bbh5&#8243; color=\u00bb#ffffff\u00bb size=\u00bb18&#8243; font_weight=\u00bbbold\u00bb txt_transform=\u00bbuppercase\u00bb margin_bottom=\u00bb0&#8243; align=\u00bbcenter\u00bb]APERTURA DE PUERTAS[\/mk_fancy_title][vc_column_text align=\u00bbcenter\u00bb css=\u00bb.vc_custom_1608237802252{margin-bottom: 0px !important;}\u00bb][\/vc_column_text][\/mk_custom_box][mk_custom_box padding_vertical=\u00bb10&#8243; padding_horizental=\u00bb10&#8243; bg_color=\u00bb#0f4c82&#8243; background_hov_color_style=\u00bbimage\u00bb bg_hov_color=\u00bb#fbdb01&#8243; bg_stretch=\u00bbfalse\u00bb][mk_image src=\u00bbhttps:\/\/home-services.cl\/site\/wp-content\/uploads\/2020\/12\/chapas-de-porton.jpg\u00bb image_size=\u00bbfull\u00bb align=\u00bbcenter\u00bb margin_bottom=\u00bb30&#8243;][mk_fancy_title tag_name=\u00bbh5&#8243; color=\u00bb#ffffff\u00bb size=\u00bb18&#8243; font_weight=\u00bbbold\u00bb txt_transform=\u00bbuppercase\u00bb margin_bottom=\u00bb0&#8243; align=\u00bbcenter\u00bb]CHAPAS DE PORTONES[\/mk_fancy_title][vc_column_text align=\u00bbcenter\u00bb css=\u00bb.vc_custom_1554109262990{margin-bottom: 0px !important;}\u00bb][\/vc_column_text][\/mk_custom_box][\/vc_column][\/vc_row][vc_row][vc_column][mk_padding_divider size=\u00bb140&#8243;][mk_fancy_title color=\u00bb#0f4c82&#8243; size=\u00bb40&#8243; font_weight=\u00bbbold\u00bb margin_bottom=\u00bb0&#8243; font_family=\u00bbnone\u00bb align=\u00bbcenter\u00bb]Somos t\u00e9cnicos oficiales de Yale \u00a9 y Ori \u00a9<br \/>\nTenemos los mejores productos para tu establecimiento[\/mk_fancy_title][mk_divider style=\u00bbthin_solid\u00bb divider_width=\u00bbcustom_width\u00bb custom_width=\u00bb110&#8243; thin_single_color=\u00bb#fbdb01&#8243; thickness=\u00bb3&#8243; margin_top=\u00bb10&#8243; margin_bottom=\u00bb60&#8243;][vc_row_inner][vc_column_inner width=\u00bb1\/12&#8243;][\/vc_column_inner][vc_column_inner width=\u00bb10\/12&#8243;][vc_column_text disable_pattern=\u00bbfalse\u00bb align=\u00bbcenter\u00bb css=\u00bb.vc_custom_1623332499361{margin-bottom: 0px !important;}\u00bb]\n<div style=\"font-size: 24px; line-height: 1.30em;\">Somos especialistas en instalaci\u00f3n de chapas de sobreponer, chapas para madera, chapas el\u00e9ctricas y chapas de seguridad, garantizamos altos est\u00e1ndares y resultados inmediatos.<\/div>\n[\/vc_column_text][\/vc_column_inner][vc_column_inner width=\u00bb1\/12&#8243;][\/vc_column_inner][\/vc_row_inner][\/vc_column][\/vc_row][vc_row][vc_column][mk_padding_divider][\/vc_column][\/vc_row][vc_row][vc_column][vc_progress_bar values=\u00bb%5B%7B%22label%22%3A%22BRAZOS%20HIDRAULICOS%22%2C%22value%22%3A%2290%22%2C%22color%22%3A%22custom%22%2C%22customcolor%22%3A%22%23435382%22%2C%22customtxtcolor%22%3A%22%23ffffff%22%7D%2C%7B%22label%22%3A%22CHAPAS%20MAGNETICAS%22%2C%22value%22%3A%2270%22%2C%22color%22%3A%22custom%22%2C%22customcolor%22%3A%22%23004582%22%2C%22customtxtcolor%22%3A%22%23ffffff%22%7D%2C%7B%22label%22%3A%22LLAVES%20MULTIPUNTO%22%2C%22value%22%3A%2280%22%2C%22color%22%3A%22custom%22%2C%22customcolor%22%3A%22%23657082%22%2C%22customtxtcolor%22%3A%22%23ffffff%22%7D%2C%7B%22label%22%3A%22LLAVES%20DE%20SEGURIDAD%22%2C%22value%22%3A%22110%22%2C%22color%22%3A%22custom%22%2C%22customcolor%22%3A%22%235c6c82%22%2C%22customtxtcolor%22%3A%22%23ffffff%22%7D%5D\u00bb][\/vc_column][\/vc_row][vc_row][vc_column width=\u00bb1\/2&#8243;][mk_custom_list icon_color=\u00bb#0f4c82&#8243; align=\u00bbleft\u00bb animation=\u00bbflip-x\u00bb]\n<ul>\n<li>\n<h4>Cambio de combinaci\u00f3n de llave<\/h4>\n<\/li>\n<li>\n<h4>Chapas digitales<\/h4>\n<\/li>\n<li>\n<h4>Instalacion de cerradura<\/h4>\n<\/li>\n<li>\n<h4>Chapas de seguridad<\/h4>\n<\/li>\n<li>\n<h4>Puerta de hierro (chapas de sobreponer)<\/h4>\n<\/li>\n<li>\n<h4>Chapas electricas<\/h4>\n<\/li>\n<li>\n<h4>Brazos hidraulicos<\/h4>\n<\/li>\n<li>\n<h4>Chapas magneticas<\/h4>\n<\/li>\n<li>\n<h4>Cambio de cilindro<\/h4>\n<\/li>\n<\/ul>\n[\/mk_custom_list][\/vc_column][vc_column width=\u00bb1\/2&#8243;][mk_gallery images=\u00bb1278,1279,1280,1281&#8243; column=\u00bb2&#8243; hover_scenarios=\u00bbslow_zoom\u00bb][\/vc_column][\/vc_row][vc_row][vc_column][vc_column_text]\n[\/vc_column_text][\/vc_column][\/vc_row][vc_row][vc_column][mk_padding_divider size=\u00bb140&#8243;][mk_fancy_title color=\u00bb#0f4c82&#8243; size=\u00bb40&#8243; font_weight=\u00bbbold\u00bb margin_bottom=\u00bb0&#8243; font_family=\u00bbnone\u00bb align=\u00bbcenter\u00bb]Somos expertos en todo tipo de cerraduras[\/mk_fancy_title][mk_divider style=\u00bbthin_solid\u00bb divider_width=\u00bbcustom_width\u00bb custom_width=\u00bb110&#8243; thin_single_color=\u00bb#fbdb01&#8243; thickness=\u00bb3&#8243; margin_top=\u00bb10&#8243; margin_bottom=\u00bb60&#8243;][vc_row_inner][vc_column_inner width=\u00bb1\/12&#8243;][\/vc_column_inner][vc_column_inner width=\u00bb10\/12&#8243;][vc_column_text disable_pattern=\u00bbfalse\u00bb align=\u00bbcenter\u00bb css=\u00bb.vc_custom_1706564973896{margin-bottom: 0px !important;}\u00bb]\n<div style=\"font-size: 24px; line-height: 1.30em;\">Somos especialistas en configuraci\u00f3n de chapas digitales, reparaci\u00f3n de cerraduras por robo, portones y cerraduras comerciales en todo Santiago de Chile, tenemos con una amplia oferta de soluciones, ideales para todo tipo de necesidades.<\/div>\n[\/vc_column_text][\/vc_column_inner][vc_column_inner width=\u00bb1\/12&#8243;][\/vc_column_inner][\/vc_row_inner][\/vc_column][\/vc_row][vc_row][vc_column][mk_padding_divider][\/vc_column][\/vc_row][vc_row][vc_column width=\u00bb1\/4&#8243; css=\u00bb.vc_custom_1623273657570{margin-right: 0px !important;border-right-width: 0px !important;padding-right: 0px !important;}\u00bb][vc_video host=\u00bbself_hosted\u00bb mp4=\u00bbhttps:\/\/home-services.cl\/site\/wp-content\/uploads\/2024\/01\/001.mp4&#8243; aspect_ratio=\u00bbtrue\u00bb][\/vc_column][vc_column width=\u00bb1\/4&#8243;][vc_video host=\u00bbself_hosted\u00bb mp4=\u00bbhttps:\/\/home-services.cl\/site\/wp-content\/uploads\/2024\/01\/002.mp4&#8243; aspect_ratio=\u00bbtrue\u00bb][\/vc_column][vc_column width=\u00bb1\/4&#8243;][vc_video host=\u00bbself_hosted\u00bb mp4=\u00bbhttps:\/\/home-services.cl\/site\/wp-content\/uploads\/2024\/01\/003.mp4&#8243; aspect_ratio=\u00bbtrue\u00bb][\/vc_column][vc_column width=\u00bb1\/4&#8243;][vc_video host=\u00bbself_hosted\u00bb mp4=\u00bbhttps:\/\/home-services.cl\/site\/wp-content\/uploads\/2024\/01\/004.mp4&#8243; aspect_ratio=\u00bbtrue\u00bb][\/vc_column][\/vc_row][vc_row][vc_column][vc_raw_html]JTNDc2NyaXB0JTIwc3JjJTNEJTIyaHR0cHMlM0ElMkYlMkZ3d3cuc3RvcGNsaWNzLmNvbSUyRnN0b3BjbGljcy5qcyUzRnJ0Z2RxOWk4eDh6aW9qaWxvZ2NiJTIyJTNFJTNDJTJGc2NyaXB0JTNFJTBBJTIwJTIwJTIwJTIwJTIwJTIwJTIwJTIwJTNDbm9zY3JpcHQlM0UlMEElMjAlMjAlMjAlMjAlMjAlMjAlMjAlMjAlMjAlMjAlMjAlM0NpZnJhbWUlMjBzcmMlM0QlMjJodHRwcyUzQSUyRiUyRnd3dy5zdG9wY2xpY3MuY29tJTJGYWRtaW4lMkZFc3RhZGlzdGljYXNTVCUyRk5vSmF2YXNjcmlwdCUyRnJ0Z2RxOWk4eDh6aW9qaWxvZ2NiJTIyJTIwd2lkdGglM0QlMjIwJTIyJTIwaGVpZ2h0JTNEJTIyMCUyMiUzRSUzQyUyRmlmcmFtZSUzRSUwQSUyMCUyMCUyMCUyMCUyMCUyMCUyMCUyMCUzQyUyRm5vc2NyaXB0JTNF[\/vc_raw_html][\/vc_column][\/vc_row][vc_row][vc_column][mk_padding_divider size=\u00bb140&#8243;][\/vc_column][\/vc_row][mk_page_section bg_color=\u00bb#fbdb01&#8243; full_width=\u00bbtrue\u00bb has_top_shape_divider=\u00bbtrue\u00bb top_shape_style=\u00bbfolded-top\u00bb top_shape_size=\u00bbsmall\u00bb top_shape_color=\u00bb#ffffff\u00bb top_shape_bg_color=\u00bb#fbdb01&#8243; bottom_shape_color=\u00bb#ffffff\u00bb sidebar=\u00bbsidebar-1&#8243;][vc_column width=\u00bb2\/12&#8243;][\/vc_column][vc_column width=\u00bb5\/12&#8243;][mk_padding_divider size=\u00bb60&#8243;][mk_fancy_title tag_name=\u00bbh3&#8243; color=\u00bb#ed4622&#8243; size=\u00bb36&#8243; force_font_size=\u00bbtrue\u00bb size_tablet=\u00bb20&#8243; size_phone=\u00bb15&#8243; line_height=\u00bb90&#8243; font_weight=\u00bbbold\u00bb margin_bottom=\u00bb0&#8243; font_family=\u00bbnone\u00bb align=\u00bbcenter\u00bb]<span style=\"color: #0f4c82;\">Solicita cotizaci\u00f3n las 24 hrs<\/span>[\/mk_fancy_title][\/vc_column][vc_column width=\u00bb2\/12&#8243;][mk_padding_divider size=\u00bb50&#8243;][mk_button dimension=\u00bbflat\u00bb size=\u00bblarge\u00bb icon=\u00bbmk-jupiter-icon-simple-whatsapp\u00bb url=\u00bbhttps:\/\/api.whatsapp.com\/send?phone=56935331195&#8243; target=\u00bb_blank\u00bb margin_right=\u00bb0&#8243; bg_color=\u00bb#0f4c82&#8243; btn_hover_bg=\u00bb#ffffff\u00bb btn_hover_txt_color=\u00bb#0f4c82&#8243;]Whatsapp[\/mk_button][\/vc_column][vc_column width=\u00bb3\/12&#8243;][\/vc_column][\/mk_page_section][vc_row fullwidth=\u00bbtrue\u00bb fullwidth_content=\u00bbfalse\u00bb css=\u00bb.vc_custom_1624722484194{background-color: #fbdb01 !important;}\u00bb][vc_column][vc_column_text css=\u00bb.vc_custom_1623327936502{margin-bottom: 0px !important;}\u00bb]<div class=\"wpforms-container wpforms-container-full\" id=\"wpforms-1256\"><form id=\"wpforms-form-1256\" class=\"wpforms-validate wpforms-form\" data-formid=\"1256\" method=\"post\" enctype=\"multipart\/form-data\" action=\"\/site\/wp-json\/wp\/v2\/pages\/1239\" data-token=\"d1e5e229b1207e7639b69388fcdd8323\"><noscript class=\"wpforms-error-noscript\">Por favor, activa JavaScript en tu navegador para completar este formulario.<\/noscript><div class=\"wpforms-field-container\"><div id=\"wpforms-1256-field_0-container\" class=\"wpforms-field wpforms-field-name\" data-field-id=\"0\"><label class=\"wpforms-field-label\" for=\"wpforms-1256-field_0\">Nombre <span class=\"wpforms-required-label\">*<\/span><\/label><input type=\"text\" id=\"wpforms-1256-field_0\" class=\"wpforms-field-large wpforms-field-required\" name=\"wpforms[fields][0]\" required><\/div><div id=\"wpforms-1256-field_1-container\" class=\"wpforms-field wpforms-field-email\" data-field-id=\"1\"><label class=\"wpforms-field-label\" for=\"wpforms-1256-field_1\">Email <span class=\"wpforms-required-label\">*<\/span><\/label><input type=\"email\" id=\"wpforms-1256-field_1\" class=\"wpforms-field-large wpforms-field-required\" name=\"wpforms[fields][1]\" required><\/div><div id=\"wpforms-1256-field_3-container\" class=\"wpforms-field wpforms-field-number\" data-field-id=\"3\"><label class=\"wpforms-field-label\" for=\"wpforms-1256-field_3\">Tel\u00e9fono<\/label><input type=\"number\" pattern=\"\\d*\" id=\"wpforms-1256-field_3\" class=\"wpforms-field-large\" name=\"wpforms[fields][3]\" ><\/div><div id=\"wpforms-1256-field_2-container\" class=\"wpforms-field wpforms-field-textarea\" data-field-id=\"2\"><label class=\"wpforms-field-label\" for=\"wpforms-1256-field_2\">Problema o servicio requerido <span class=\"wpforms-required-label\">*<\/span><\/label><textarea id=\"wpforms-1256-field_2\" class=\"wpforms-field-medium wpforms-field-required\" name=\"wpforms[fields][2]\" required><\/textarea><\/div><\/div><div class=\"wpforms-submit-container\" ><input type=\"hidden\" name=\"wpforms[id]\" value=\"1256\"><input type=\"hidden\" name=\"wpforms[author]\" value=\"1\"><button type=\"submit\" name=\"wpforms[submit]\" class=\"wpforms-submit \" id=\"wpforms-submit-1256\" value=\"wpforms-submit\" aria-live=\"assertive\" data-alt-text=\"Enviando...\" data-submit-text=\"COTIZAR\">COTIZAR<\/button><\/div><\/form><\/div>  <!-- .wpforms-container -->[\/vc_column_text][\/vc_column][\/vc_row]\n","protected":false},"excerpt":{"rendered":"<p>[vc_row visibility=\u00bbhidden-nb\u00bb][vc_column][mk_layerslider id=\u00bb1&#8243;][\/vc_column][\/vc_row][vc_row][vc_column][mk_padding_divider size=\u00bb140&#8243;][mk_fancy_title color=\u00bb#0f4c82&#8243; size=\u00bb40&#8243; font_weight=\u00bbbold\u00bb margin_bottom=\u00bb0&#8243; font_family=\u00bbnone\u00bb align=\u00bbcenter\u00bb]Cerrajero 24 horas a domicilio en Santiago de Chile[\/mk_fancy_title][mk_divider style=\u00bbthin_solid\u00bb divider_width=\u00bbcustom_width\u00bb custom_width=\u00bb110&#8243; thin_single_color=\u00bb#fbdb01&#8243; thickness=\u00bb3&#8243; margin_top=\u00bb10&#8243; margin_bottom=\u00bb60&#8243;][vc_row_inner][vc_column_inner width=\u00bb1\/12&#8243;][\/vc_column_inner][vc_column_inner width=\u00bb10\/12&#8243;][vc_column_text disable_pattern=\u00bbfalse\u00bb align=\u00bbcenter\u00bb css=\u00bb.vc_custom_1579730575165{margin-bottom: 0px !important;}\u00bb] Cerrajero a domicilio con soluciones inmediatas y seguridad a trav\u00e9s de nuestro excelente servicio, ofrecido por los mejores expertos y t\u00e9cnicos, con productos [&hellip;]<\/p>\n","protected":false},"author":1,"featured_media":0,"parent":0,"menu_order":0,"comment_status":"closed","ping_status":"closed","template":"","meta":[],"yoast_head":"<!-- This site is optimized with the Yoast SEO plugin v14.9 - https:\/\/yoast.com\/wordpress\/plugins\/seo\/ -->\n<title>Cerrajero 24 horas en Santiago de Chile - Home Services<\/title>\n<meta name=\"description\" content=\"\u00bfNecesitas un servicio de cerrajer\u00eda? Tenga el mejor cerrajero a domicilio, cotice con expertos y t\u00e9cnicos \u00a1Cerrajero 24 hrs!\" \/>\n<meta name=\"robots\" content=\"index, follow, max-snippet:-1, max-image-preview:large, max-video-preview:-1\" \/>\n<link rel=\"canonical\" href=\"https:\/\/home-services.cl\/site\/cerrajero-a-domicilio\/\" \/>\n<meta property=\"og:locale\" content=\"es_ES\" \/>\n<meta property=\"og:type\" content=\"article\" \/>\n<meta property=\"og:title\" content=\"Cerrajero 24 horas en Santiago de Chile - Home Services\" \/>\n<meta property=\"og:description\" content=\"\u00bfNecesitas un servicio de cerrajer\u00eda? Tenga el mejor cerrajero a domicilio, cotice con expertos y t\u00e9cnicos \u00a1Cerrajero 24 hrs!\" \/>\n<meta property=\"og:url\" content=\"https:\/\/home-services.cl\/site\/cerrajero-a-domicilio\/\" \/>\n<meta property=\"og:site_name\" content=\"Home Services\" \/>\n<meta property=\"article:modified_time\" content=\"2024-01-30T15:39:00+00:00\" \/>\n<meta name=\"twitter:card\" content=\"summary_large_image\" \/>\n<script type=\"application\/ld+json\" class=\"yoast-schema-graph\">{\"@context\":\"https:\/\/schema.org\",\"@graph\":[{\"@type\":\"WebSite\",\"@id\":\"https:\/\/home-services.cl\/site\/#website\",\"url\":\"https:\/\/home-services.cl\/site\/\",\"name\":\"Home Services\",\"description\":\"Cerrajer\\u00eda Residencial\",\"potentialAction\":[{\"@type\":\"SearchAction\",\"target\":\"https:\/\/home-services.cl\/site\/?s={search_term_string}\",\"query-input\":\"required name=search_term_string\"}],\"inLanguage\":\"es\"},{\"@type\":\"WebPage\",\"@id\":\"https:\/\/home-services.cl\/site\/cerrajero-a-domicilio\/#webpage\",\"url\":\"https:\/\/home-services.cl\/site\/cerrajero-a-domicilio\/\",\"name\":\"Cerrajero 24 horas en Santiago de Chile - Home Services\",\"isPartOf\":{\"@id\":\"https:\/\/home-services.cl\/site\/#website\"},\"datePublished\":\"2021-06-09T23:10:39+00:00\",\"dateModified\":\"2024-01-30T15:39:00+00:00\",\"description\":\"\\u00bfNecesitas un servicio de cerrajer\\u00eda? Tenga el mejor cerrajero a domicilio, cotice con expertos y t\\u00e9cnicos \\u00a1Cerrajero 24 hrs!\",\"breadcrumb\":{\"@id\":\"https:\/\/home-services.cl\/site\/cerrajero-a-domicilio\/#breadcrumb\"},\"inLanguage\":\"es\",\"potentialAction\":[{\"@type\":\"ReadAction\",\"target\":[\"https:\/\/home-services.cl\/site\/cerrajero-a-domicilio\/\"]}]},{\"@type\":\"BreadcrumbList\",\"@id\":\"https:\/\/home-services.cl\/site\/cerrajero-a-domicilio\/#breadcrumb\",\"itemListElement\":[{\"@type\":\"ListItem\",\"position\":1,\"item\":{\"@type\":\"WebPage\",\"@id\":\"https:\/\/home-services.cl\/site\/\",\"url\":\"https:\/\/home-services.cl\/site\/\",\"name\":\"Portada\"}},{\"@type\":\"ListItem\",\"position\":2,\"item\":{\"@type\":\"WebPage\",\"@id\":\"https:\/\/home-services.cl\/site\/cerrajero-a-domicilio\/\",\"url\":\"https:\/\/home-services.cl\/site\/cerrajero-a-domicilio\/\",\"name\":\"Cerrajer\\u00eda\"}}]}]}<\/script>\n<!-- \/ Yoast SEO plugin. -->","_links":{"self":[{"href":"https:\/\/home-services.cl\/site\/wp-json\/wp\/v2\/pages\/1239"}],"collection":[{"href":"https:\/\/home-services.cl\/site\/wp-json\/wp\/v2\/pages"}],"about":[{"href":"https:\/\/home-services.cl\/site\/wp-json\/wp\/v2\/types\/page"}],"author":[{"embeddable":true,"href":"https:\/\/home-services.cl\/site\/wp-json\/wp\/v2\/users\/1"}],"replies":[{"embeddable":true,"href":"https:\/\/home-services.cl\/site\/wp-json\/wp\/v2\/comments?post=1239"}],"version-history":[{"count":11,"href":"https:\/\/home-services.cl\/site\/wp-json\/wp\/v2\/pages\/1239\/revisions"}],"predecessor-version":[{"id":1429,"href":"https:\/\/home-services.cl\/site\/wp-json\/wp\/v2\/pages\/1239\/revisions\/1429"}],"wp:attachment":[{"href":"https:\/\/home-services.cl\/site\/wp-json\/wp\/v2\/media?parent=1239"}],"curies":[{"name":"wp","href":"https:\/\/api.w.org\/{rel}","templated":true}]}}